{"id":3293,"date":"2026-02-16T00:28:06","date_gmt":"2026-02-15T23:28:06","guid":{"rendered":"https:\/\/studiogude.dk\/?page_id=3293"},"modified":"2026-02-16T00:34:05","modified_gmt":"2026-02-15T23:34:05","slug":"laen-dig-tilbage","status":"publish","type":"page","link":"https:\/\/studiogude.dk\/eng\/laen-dig-tilbage\/","title":{"rendered":"L\u00e6n dig tilbage"},"content":{"rendered":"<div data-elementor-type=\"wp-page\" data-elementor-id=\"3293\" class=\"elementor elementor-3293\" data-elementor-post-type=\"page\">\n\t\t\t\t<div class=\"elementor-element elementor-element-430466cb e-flex e-con-boxed e-con e-parent\" data-id=\"430466cb\" data-element_type=\"container\">\n\t\t\t\t\t<div class=\"e-con-inner\">\n\t\t\t\t<div class=\"elementor-element elementor-element-7c8d4f7d elementor-widget elementor-widget-spacer\" data-id=\"7c8d4f7d\" data-element_type=\"widget\" data-widget_type=\"spacer.default\">\n\t\t\t\t\t\t\t<div class=\"elementor-spacer\">\n\t\t\t<div class=\"elementor-spacer-inner\"><\/div>\n\t\t<\/div>\n\t\t\t\t\t\t<\/div>\n\t\t\t\t\t<\/div>\n\t\t\t\t<\/div>\n\t\t<div class=\"elementor-element elementor-element-377b668c e-grid e-con-boxed e-con e-parent\" data-id=\"377b668c\" data-element_type=\"container\">\n\t\t\t\t\t<div class=\"e-con-inner\">\n\t\t\t\t<div class=\"elementor-element elementor-element-78f936d0 elementor-widget elementor-widget-image\" data-id=\"78f936d0\" data-element_type=\"widget\" data-widget_type=\"image.default\">\n\t\t\t\t\t\t\t\t\t\t\t\t\t\t\t<img fetchpriority=\"high\" decoding=\"async\" width=\"768\" height=\"885\" src=\"https:\/\/studiogude.dk\/wp-content\/uploads\/2026\/02\/01_Studio-Gude_Poliform_Copenhagen_LaenDigTilbage-768x885.jpg\" class=\"attachment-medium_large size-medium_large wp-image-3295\" alt=\"\" srcset=\"https:\/\/studiogude.dk\/wp-content\/uploads\/2026\/02\/01_Studio-Gude_Poliform_Copenhagen_LaenDigTilbage-768x885.jpg 768w, https:\/\/studiogude.dk\/wp-content\/uploads\/2026\/02\/01_Studio-Gude_Poliform_Copenhagen_LaenDigTilbage-260x300.jpg 260w, https:\/\/studiogude.dk\/wp-content\/uploads\/2026\/02\/01_Studio-Gude_Poliform_Copenhagen_LaenDigTilbage-10x12.jpg 10w, https:\/\/studiogude.dk\/wp-content\/uploads\/2026\/02\/01_Studio-Gude_Poliform_Copenhagen_LaenDigTilbage.jpg 826w\" sizes=\"(max-width: 768px) 100vw, 768px\" \/>\t\t\t\t\t\t\t\t\t\t\t\t\t\t\t<\/div>\n\t\t<div class=\"elementor-element elementor-element-4a9e8ab3 e-con-full e-flex e-con e-child\" data-id=\"4a9e8ab3\" data-element_type=\"container\">\n\t\t\t\t<div class=\"elementor-element elementor-element-2edc69 elementor-widget elementor-widget-text-editor\" data-id=\"2edc69\" data-element_type=\"widget\" data-widget_type=\"text-editor.default\">\n\t\t\t\t\t\t\t\t\t<p>ARTIKEL 16.02.2026<\/p>\t\t\t\t\t\t\t\t<\/div>\n\t\t\t\t<div class=\"elementor-element elementor-element-3516cd22 elementor-widget elementor-widget-heading\" data-id=\"3516cd22\" data-element_type=\"widget\" data-widget_type=\"heading.default\">\n\t\t\t\t\t<h2 class=\"elementor-heading-title elementor-size-default\">LEAN BACK\n<\/h2>\t\t\t\t<\/div>\n\t\t<div class=\"elementor-element elementor-element-f4be7b4 e-con-full e-flex e-con e-child\" data-id=\"f4be7b4\" data-element_type=\"container\">\n\t\t\t\t<div class=\"elementor-element elementor-element-41a937fb elementor-widget elementor-widget-text-editor\" data-id=\"41a937fb\" data-element_type=\"widget\" data-widget_type=\"text-editor.default\">\n\t\t\t\t\t\t\t\t\t<p class=\"p1\">The dynamics of interiors require the perfect interplay between style and comfort. At Studio Gude, we are constantly inspired by the collections Poliform launches - not only as individual pieces of designed furniture, but as an interior concept in particular.<\/p><p class=\"p1\">In English, the term \u201cliving area\u201d is used as a collective term for what we in Danish simply call \u201dstuer\u201d. Lifestyle interiors is a term Studio Gude uses to encompass the idea of \u200b\u200ba home with spaces that match the individual needs we all possesses. A \u201cliving area\u201d is a wonderful term for the area where we live and relax. We curl up on the sofa, watch TV, cheer on sports, enjoy a movie, eat snacks, knit, immerse ourselves in books - or in Danish speaking: Hygge!<\/p><p class=\"p1\">The launch of the Joan collection from Poliform is a new and modern take on authentic essences of comfort: Pure shapes and minimalist design. Generous padding create an extremely welcoming system which is informal yet elegant - particularly inviting expressions of softness and volumes. Perfectly balanced proportions, enhanced by simple details.<\/p><p class=\"p3\">The sofa system creates areas for relaxation and socialising that adapt to different spaces and needs. The system is composed of curved and linear elements, chaise longue configurations, modules with high or low armrests, pouffes and an armchair \u2013 generating endless configurations.<\/p><p class=\"p3\">The collection is completed by eponymous coffee tables, conceived as sculptural objects to be placed alongside the sofa or as centre-of-the-romm pieces. The purity that shapes the sofa system is echoed in these accessories, with equally essential forms available in various sizes and materials such as steel, wood and lacquer.<\/p><p class=\"p3\">The Joan collection is just one of many interpretations of the dimensions of lifestyle interior design that Studio Gude is inspired by. The wonderful thing is that any expression can be created in the overall portfolio from Poliform. Studio Gude takes pride in framing \u201cliving areas\u201d that radiate confident elegance and timeless luxury. A space that invites you to slow down. To gather family and friends. To lean back \u2013 and stay a little longer.<\/p>\t\t\t\t\t\t\t\t<\/div>\n\t\t\t\t<\/div>\n\t\t<div class=\"elementor-element elementor-element-732d499a e-con-full e-flex e-con e-child\" data-id=\"732d499a\" data-element_type=\"container\">\n\t\t<div class=\"elementor-element elementor-element-751516a3 e-grid e-con-full e-con e-child\" data-id=\"751516a3\" data-element_type=\"container\">\n\t\t\t\t<\/div>\n\t\t\t\t<\/div>\n\t\t<div class=\"elementor-element elementor-element-7d982b52 e-con-full e-flex e-con e-child\" data-id=\"7d982b52\" data-element_type=\"container\">\n\t\t<div class=\"elementor-element elementor-element-27bc98ea e-con-full e-flex e-con e-child\" data-id=\"27bc98ea\" data-element_type=\"container\">\n\t\t<div class=\"elementor-element elementor-element-55fbc900 e-con-full e-flex e-con e-child\" data-id=\"55fbc900\" data-element_type=\"container\">\n\t\t\t\t<div class=\"elementor-element elementor-element-62a0827d elementor-widget elementor-widget-spacer\" data-id=\"62a0827d\" data-element_type=\"widget\" data-widget_type=\"spacer.default\">\n\t\t\t\t\t\t\t<div class=\"elementor-spacer\">\n\t\t\t<div class=\"elementor-spacer-inner\"><\/div>\n\t\t<\/div>\n\t\t\t\t\t\t<\/div>\n\t\t\t\t<div class=\"elementor-element elementor-element-6b90f69 elementor-widget elementor-widget-text-editor\" data-id=\"6b90f69\" data-element_type=\"widget\" data-widget_type=\"text-editor.default\">\n\t\t\t\t\t\t\t\t\t<p><a class=\"read-more-link\" href=\"https:\/\/studiogude.dk\/eng\/aktuelt-oversigt\/\">SEE ALL ARTICLES<\/a><\/p>\t\t\t\t\t\t\t\t<\/div>\n\t\t\t\t<div class=\"elementor-element elementor-element-ef55def elementor-widget elementor-widget-spacer\" data-id=\"ef55def\" data-element_type=\"widget\" data-widget_type=\"spacer.default\">\n\t\t\t\t\t\t\t<div class=\"elementor-spacer\">\n\t\t\t<div class=\"elementor-spacer-inner\"><\/div>\n\t\t<\/div>\n\t\t\t\t\t\t<\/div>\n\t\t\t\t<div class=\"elementor-element elementor-element-78afdf0c elementor-widget elementor-widget-text-editor\" data-id=\"78afdf0c\" data-element_type=\"widget\" data-widget_type=\"text-editor.default\">\n\t\t\t\t\t\t\t\t\t<p><strong>FOLLOW US\u00a0<\/strong><\/p><p><a href=\"https:\/\/www.instagram.com\/studio_gude\/\" target=\"_blank\" rel=\"noopener\">INSTAGRAM<\/a><br \/><a href=\"https:\/\/www.facebook.com\/profile.php?id=61552611795400\" target=\"_blank\" rel=\"noopener\">FACEBOOK<\/a><br \/><a href=\"https:\/\/www.linkedin.com\/in\/s\u00f8ren-gude-a36b261b9\/\" target=\"_blank\" rel=\"noopener\">LINKEDIN<\/a><\/p>\t\t\t\t\t\t\t\t<\/div>\n\t\t\t\t<\/div>\n\t\t\t\t<\/div>\n\t\t\t\t<\/div>\n\t\t\t\t<\/div>\n\t\t\t\t\t<\/div>\n\t\t\t\t<\/div>\n\t\t<div class=\"elementor-element elementor-element-4900dd9c e-grid e-con-boxed e-con e-parent\" data-id=\"4900dd9c\" data-element_type=\"container\">\n\t\t\t\t\t<div class=\"e-con-inner\">\n\t\t<div class=\"elementor-element elementor-element-3383a7bb e-con-full e-flex e-con e-child\" data-id=\"3383a7bb\" data-element_type=\"container\">\n\t\t\t\t<div class=\"elementor-element elementor-element-4ac01de1 elementor-widget elementor-widget-spacer\" data-id=\"4ac01de1\" data-element_type=\"widget\" data-widget_type=\"spacer.default\">\n\t\t\t\t\t\t\t<div class=\"elementor-spacer\">\n\t\t\t<div class=\"elementor-spacer-inner\"><\/div>\n\t\t<\/div>\n\t\t\t\t\t\t<\/div>\n\t\t\t\t<\/div>\n\t\t\t\t<div class=\"elementor-element elementor-element-6e83b2bc elementor-widget elementor-widget-spacer\" data-id=\"6e83b2bc\" data-element_type=\"widget\" data-widget_type=\"spacer.default\">\n\t\t\t\t\t\t\t<div class=\"elementor-spacer\">\n\t\t\t<div class=\"elementor-spacer-inner\"><\/div>\n\t\t<\/div>\n\t\t\t\t\t\t<\/div>\n\t\t\t\t<div class=\"elementor-element elementor-element-613b975e elementor-widget elementor-widget-image\" data-id=\"613b975e\" data-element_type=\"widget\" data-widget_type=\"image.default\">\n\t\t\t\t\t\t\t\t\t\t\t\t\t\t\t<img decoding=\"async\" width=\"800\" height=\"449\" src=\"https:\/\/studiogude.dk\/wp-content\/uploads\/2026\/02\/02_Studio-Gude_Poliform_Copenhagen_LaenDigTilbage-1024x575.jpg\" class=\"attachment-large size-large wp-image-3296\" alt=\"\" srcset=\"https:\/\/studiogude.dk\/wp-content\/uploads\/2026\/02\/02_Studio-Gude_Poliform_Copenhagen_LaenDigTilbage-1024x575.jpg 1024w, https:\/\/studiogude.dk\/wp-content\/uploads\/2026\/02\/02_Studio-Gude_Poliform_Copenhagen_LaenDigTilbage-300x169.jpg 300w, https:\/\/studiogude.dk\/wp-content\/uploads\/2026\/02\/02_Studio-Gude_Poliform_Copenhagen_LaenDigTilbage-768x431.jpg 768w, https:\/\/studiogude.dk\/wp-content\/uploads\/2026\/02\/02_Studio-Gude_Poliform_Copenhagen_LaenDigTilbage-18x10.jpg 18w, https:\/\/studiogude.dk\/wp-content\/uploads\/2026\/02\/02_Studio-Gude_Poliform_Copenhagen_LaenDigTilbage.jpg 1182w\" sizes=\"(max-width: 800px) 100vw, 800px\" \/>\t\t\t\t\t\t\t\t\t\t\t\t\t\t\t<\/div>\n\t\t\t\t\t<\/div>\n\t\t\t\t<\/div>\n\t\t<div class=\"elementor-element elementor-element-3d4d2809 e-flex e-con-boxed e-con e-parent\" data-id=\"3d4d2809\" data-element_type=\"container\">\n\t\t\t\t\t<div class=\"e-con-inner\">\n\t\t<div class=\"elementor-element elementor-element-549fd21d e-con-full e-flex e-con e-child\" data-id=\"549fd21d\" data-element_type=\"container\">\n\t\t<div class=\"elementor-element elementor-element-646e488c e-con-full e-flex e-con e-child\" data-id=\"646e488c\" data-element_type=\"container\">\n\t\t\t\t<div class=\"elementor-element elementor-element-92249b8 elementor-widget elementor-widget-spacer\" data-id=\"92249b8\" data-element_type=\"widget\" data-widget_type=\"spacer.default\">\n\t\t\t\t\t\t\t<div class=\"elementor-spacer\">\n\t\t\t<div class=\"elementor-spacer-inner\"><\/div>\n\t\t<\/div>\n\t\t\t\t\t\t<\/div>\n\t\t\t\t<div class=\"elementor-element elementor-element-5d682037 elementor-widget elementor-widget-image\" data-id=\"5d682037\" data-element_type=\"widget\" data-widget_type=\"image.default\">\n\t\t\t\t\t\t\t\t\t\t\t\t\t\t\t<img decoding=\"async\" width=\"800\" height=\"922\" src=\"https:\/\/studiogude.dk\/wp-content\/uploads\/2026\/02\/03_Studio-Gude_Poliform_Copenhagen_LaenDigTilbage.jpg\" class=\"attachment-large size-large wp-image-3297\" alt=\"\" srcset=\"https:\/\/studiogude.dk\/wp-content\/uploads\/2026\/02\/03_Studio-Gude_Poliform_Copenhagen_LaenDigTilbage.jpg 826w, https:\/\/studiogude.dk\/wp-content\/uploads\/2026\/02\/03_Studio-Gude_Poliform_Copenhagen_LaenDigTilbage-260x300.jpg 260w, https:\/\/studiogude.dk\/wp-content\/uploads\/2026\/02\/03_Studio-Gude_Poliform_Copenhagen_LaenDigTilbage-768x885.jpg 768w, https:\/\/studiogude.dk\/wp-content\/uploads\/2026\/02\/03_Studio-Gude_Poliform_Copenhagen_LaenDigTilbage-10x12.jpg 10w\" sizes=\"(max-width: 800px) 100vw, 800px\" \/>\t\t\t\t\t\t\t\t\t\t\t\t\t\t\t<\/div>\n\t\t\t\t<\/div>\n\t\t\t\t<\/div>\n\t\t\t\t\t<\/div>\n\t\t\t\t<\/div>\n\t\t<div class=\"elementor-element elementor-element-2064e9aa e-flex e-con-boxed e-con e-parent\" data-id=\"2064e9aa\" data-element_type=\"container\">\n\t\t\t\t\t<div class=\"e-con-inner\">\n\t\t<div class=\"elementor-element elementor-element-633afef1 e-con-full e-flex e-con e-child\" data-id=\"633afef1\" data-element_type=\"container\">\n\t\t<div class=\"elementor-element elementor-element-1d404ac8 e-con-full e-flex e-con e-child\" data-id=\"1d404ac8\" data-element_type=\"container\">\n\t\t\t\t<div class=\"elementor-element elementor-element-150b015 elementor-widget elementor-widget-spacer\" data-id=\"150b015\" data-element_type=\"widget\" data-widget_type=\"spacer.default\">\n\t\t\t\t\t\t\t<div class=\"elementor-spacer\">\n\t\t\t<div class=\"elementor-spacer-inner\"><\/div>\n\t\t<\/div>\n\t\t\t\t\t\t<\/div>\n\t\t\t\t<div class=\"elementor-element elementor-element-2187b14d elementor-widget elementor-widget-image\" data-id=\"2187b14d\" data-element_type=\"widget\" data-widget_type=\"image.default\">\n\t\t\t\t\t\t\t\t\t\t\t\t\t\t\t<img loading=\"lazy\" decoding=\"async\" width=\"800\" height=\"449\" src=\"https:\/\/studiogude.dk\/wp-content\/uploads\/2026\/02\/04_Studio-Gude_Poliform_Copenhagen_LaenDigTilbage-1024x575.jpg\" class=\"attachment-large size-large wp-image-3298\" alt=\"\" srcset=\"https:\/\/studiogude.dk\/wp-content\/uploads\/2026\/02\/04_Studio-Gude_Poliform_Copenhagen_LaenDigTilbage-1024x575.jpg 1024w, https:\/\/studiogude.dk\/wp-content\/uploads\/2026\/02\/04_Studio-Gude_Poliform_Copenhagen_LaenDigTilbage-300x169.jpg 300w, https:\/\/studiogude.dk\/wp-content\/uploads\/2026\/02\/04_Studio-Gude_Poliform_Copenhagen_LaenDigTilbage-768x431.jpg 768w, https:\/\/studiogude.dk\/wp-content\/uploads\/2026\/02\/04_Studio-Gude_Poliform_Copenhagen_LaenDigTilbage-18x10.jpg 18w, https:\/\/studiogude.dk\/wp-content\/uploads\/2026\/02\/04_Studio-Gude_Poliform_Copenhagen_LaenDigTilbage.jpg 1182w\" sizes=\"(max-width: 800px) 100vw, 800px\" \/>\t\t\t\t\t\t\t\t\t\t\t\t\t\t\t<\/div>\n\t\t\t\t<\/div>\n\t\t\t\t<\/div>\n\t\t\t\t\t<\/div>\n\t\t\t\t<\/div>\n\t\t<div class=\"elementor-element elementor-element-16c39957 e-flex e-con-boxed e-con e-parent\" data-id=\"16c39957\" data-element_type=\"container\">\n\t\t\t\t\t<div class=\"e-con-inner\">\n\t\t<div class=\"elementor-element elementor-element-5e1b345e e-con-full e-flex e-con e-child\" data-id=\"5e1b345e\" data-element_type=\"container\">\n\t\t<div class=\"elementor-element elementor-element-36d16105 e-con-full e-flex e-con e-child\" data-id=\"36d16105\" data-element_type=\"container\">\n\t\t\t\t<div class=\"elementor-element elementor-element-2d62c138 elementor-widget elementor-widget-spacer\" data-id=\"2d62c138\" data-element_type=\"widget\" data-widget_type=\"spacer.default\">\n\t\t\t\t\t\t\t<div class=\"elementor-spacer\">\n\t\t\t<div class=\"elementor-spacer-inner\"><\/div>\n\t\t<\/div>\n\t\t\t\t\t\t<\/div>\n\t\t\t\t<div class=\"elementor-element elementor-element-2c4b517f elementor-widget elementor-widget-image\" data-id=\"2c4b517f\" data-element_type=\"widget\" data-widget_type=\"image.default\">\n\t\t\t\t\t\t\t\t\t\t\t\t\t\t\t<img loading=\"lazy\" decoding=\"async\" width=\"800\" height=\"922\" src=\"https:\/\/studiogude.dk\/wp-content\/uploads\/2026\/02\/05_Studio-Gude_Poliform_Copenhagen_LaenDigTilbage.jpg\" class=\"attachment-large size-large wp-image-3299\" alt=\"\" srcset=\"https:\/\/studiogude.dk\/wp-content\/uploads\/2026\/02\/05_Studio-Gude_Poliform_Copenhagen_LaenDigTilbage.jpg 826w, https:\/\/studiogude.dk\/wp-content\/uploads\/2026\/02\/05_Studio-Gude_Poliform_Copenhagen_LaenDigTilbage-260x300.jpg 260w, https:\/\/studiogude.dk\/wp-content\/uploads\/2026\/02\/05_Studio-Gude_Poliform_Copenhagen_LaenDigTilbage-768x885.jpg 768w, https:\/\/studiogude.dk\/wp-content\/uploads\/2026\/02\/05_Studio-Gude_Poliform_Copenhagen_LaenDigTilbage-10x12.jpg 10w\" sizes=\"(max-width: 800px) 100vw, 800px\" \/>\t\t\t\t\t\t\t\t\t\t\t\t\t\t\t<\/div>\n\t\t\t\t<\/div>\n\t\t\t\t<\/div>\n\t\t\t\t\t<\/div>\n\t\t\t\t<\/div>\n\t\t<div class=\"elementor-element elementor-element-3291bb47 e-flex e-con-boxed e-con e-parent\" data-id=\"3291bb47\" data-element_type=\"container\">\n\t\t\t\t\t<div class=\"e-con-inner\">\n\t\t<div class=\"elementor-element elementor-element-1ef7b907 e-con-full e-flex e-con e-child\" data-id=\"1ef7b907\" data-element_type=\"container\">\n\t\t<div class=\"elementor-element elementor-element-8671f4a e-con-full e-flex e-con e-child\" data-id=\"8671f4a\" data-element_type=\"container\">\n\t\t\t\t<div class=\"elementor-element elementor-element-26ce9be3 elementor-widget elementor-widget-spacer\" data-id=\"26ce9be3\" data-element_type=\"widget\" data-widget_type=\"spacer.default\">\n\t\t\t\t\t\t\t<div class=\"elementor-spacer\">\n\t\t\t<div class=\"elementor-spacer-inner\"><\/div>\n\t\t<\/div>\n\t\t\t\t\t\t<\/div>\n\t\t\t\t<\/div>\n\t\t\t\t<\/div>\n\t\t\t\t\t<\/div>\n\t\t\t\t<\/div>\n\t\t<div class=\"elementor-element elementor-element-61470c8a e-flex e-con-boxed e-con e-parent\" data-id=\"61470c8a\" data-element_type=\"container\">\n\t\t\t\t\t<div class=\"e-con-inner\">\n\t\t\t\t<div class=\"elementor-element elementor-element-65129c84 elementor-widget elementor-widget-spacer\" data-id=\"65129c84\" data-element_type=\"widget\" data-widget_type=\"spacer.default\">\n\t\t\t\t\t\t\t<div class=\"elementor-spacer\">\n\t\t\t<div class=\"elementor-spacer-inner\"><\/div>\n\t\t<\/div>\n\t\t\t\t\t\t<\/div>\n\t\t<div class=\"elementor-element elementor-element-7c69b8a5 e-con-full e-flex e-con e-child\" data-id=\"7c69b8a5\" data-element_type=\"container\">\n\t\t<div class=\"elementor-element elementor-element-15ade687 e-con-full e-flex e-con e-child\" data-id=\"15ade687\" data-element_type=\"container\">\n\t\t\t\t<div class=\"elementor-element elementor-element-778a8c05 elementor-widget elementor-widget-text-editor\" data-id=\"778a8c05\" data-element_type=\"widget\" data-widget_type=\"text-editor.default\">\n\t\t\t\t\t\t\t\t\t<p><a class=\"read-more-link\" href=\"https:\/\/studiogude.dk\/eng\/aktuelt-oversigt\/\">SEE ALL ARTICLES<\/a><\/p>\t\t\t\t\t\t\t\t<\/div>\n\t\t\t\t<\/div>\n\t\t\t\t<\/div>\n\t\t\t\t\t<\/div>\n\t\t\t\t<\/div>\n\t\t\t\t<\/div>","protected":false},"excerpt":{"rendered":"<p>ARTIKEL 16.02.2026 L\u00c6N DIG TILBAGE Interi\u00f8rs dynamik kr\u00e6ver det perfekte samspil mellem stil og komfort. Hos Studio Gude inspireres vi konstant af de kollektioner Poliform lancerer &#8211; ikke kun som enkelte m\u00f8bler i s\u00e6rklasse men som et interi\u00f8rkoncept i s\u00e6rdeleshed. P\u00e5 engelsk bruges udtrykket \u201dliving area\u201d som en samlet betegnelse for hvad vi p\u00e5 dansk [&hellip;]<\/p>","protected":false},"author":1,"featured_media":0,"parent":0,"menu_order":0,"comment_status":"closed","ping_status":"closed","template":"elementor_header_footer","meta":{"_oct_exclude_from_cache":false,"footnotes":""},"class_list":["post-3293","page","type-page","status-publish","hentry"],"_links":{"self":[{"href":"https:\/\/studiogude.dk\/eng\/wp-json\/wp\/v2\/pages\/3293","targetHints":{"allow":["GET"]}}],"collection":[{"href":"https:\/\/studiogude.dk\/eng\/wp-json\/wp\/v2\/pages"}],"about":[{"href":"https:\/\/studiogude.dk\/eng\/wp-json\/wp\/v2\/types\/page"}],"author":[{"embeddable":true,"href":"https:\/\/studiogude.dk\/eng\/wp-json\/wp\/v2\/users\/1"}],"replies":[{"embeddable":true,"href":"https:\/\/studiogude.dk\/eng\/wp-json\/wp\/v2\/comments?post=3293"}],"version-history":[{"count":10,"href":"https:\/\/studiogude.dk\/eng\/wp-json\/wp\/v2\/pages\/3293\/revisions"}],"predecessor-version":[{"id":3314,"href":"https:\/\/studiogude.dk\/eng\/wp-json\/wp\/v2\/pages\/3293\/revisions\/3314"}],"wp:attachment":[{"href":"https:\/\/studiogude.dk\/eng\/wp-json\/wp\/v2\/media?parent=3293"}],"curies":[{"name":"wp","href":"https:\/\/api.w.org\/{rel}","templated":true}]}}